{"id":81,"date":"2018-02-03T13:45:45","date_gmt":"2018-02-03T12:45:45","guid":{"rendered":"http:\/\/ruhrrudel.de\/site\/?page_id=81"},"modified":"2018-02-03T14:11:46","modified_gmt":"2018-02-03T13:11:46","slug":"info-peter","status":"publish","type":"page","link":"https:\/\/ruhrrudel.de\/site\/team\/info-peter\/","title":{"rendered":"Info Peter"},"content":{"rendered":"<p style=\"text-align: center;\"><a href=\"http:\/\/ruhrrudel.de\/site\/team\/\">Zur\u00fcck zur \u00dcbersicht<\/a><\/p>\n<p><span style=\"font-size: 14pt;\"><strong>Peter Stein<\/strong><\/span><\/p>\n<p>Mit Hunden aufgewachsen und wie selbstverst\u00e4ndlich mit ihnen umzugehen brachte mich sehr fr\u00fch dazu, mich mit ihrer Ausbildung zu besch\u00e4ftigen, die sp\u00e4ter zu meinem Hobby und dann zum Beruf wurde.<\/p>\n<p>In 31 Jahren Hundesport (1981 \u2013 2012) bildete ich mehrere Hunde aus (F\u00e4hrtenhund, Schutzhund I bis III, IPO und PDP.<\/p>\n<ul>\n<li>war hier langj\u00e4hriger <strong>Ausbildungswart und Schutzdiensthelfer<\/strong><\/li>\n<li>1985 <strong>Diensthundef\u00fchrer bei der Polizei des Landes NRW<\/strong><\/li>\n<li>1994 <strong>Sprengstoffsp\u00fcrhundef\u00fchrer<\/strong><\/li>\n<li>2000 <strong>Trainer im Diensthundewesen<\/strong><\/li>\n<li>2001 <strong>Pr\u00fcfer im Diensthundewesen<\/strong><\/li>\n<li>2002 <strong>Wechsel zur Landespolizeischule f\u00fcr Diensthundef\u00fchrer.<\/strong><\/li>\n<\/ul>\n<p>Mein Aufgabengebiet umfasste die Ausbildung von Hundef\u00fchrern mit Diensthunden in den Bereichen Schutz-, Sp\u00fcr- und Personensuchhund (Mantrailing)<\/p>\n<ul>\n<li>2004 <strong>Lehrtrainer im Diensthundewesen des Landes NRW<\/strong><\/li>\n<\/ul>\n<p>Mein Aufgabengebiet erweiterte sich auf die <strong>Ausbildung und Qualifizierung von Trainerinnen und Trainer im Diensthundewesen NRW.<\/strong> Im Rahmen meiner T\u00e4tigkeit erfolgten <strong>Fortbildungen in den Bereichen:<\/strong><\/p>\n<ul>\n<li><strong>der Erwachsenenbildung<\/strong><\/li>\n<li><strong>kynologische Schulungen und wissenschaftliche Begleitung durch Frau Dr. Esther Schalke<\/strong><\/li>\n<li><strong>Fortbildungen<\/strong> bei Viviane Theby, Celina del Amo, Hans Ebbers, PD Dr. Udo Ganslo\u00dfer<\/li>\n<li><strong>Hospitationen<\/strong> mit Erfahrungsaustausch im In- und Ausland.<\/li>\n<\/ul>\n<p>Ich f\u00fchrte meine eigenen Hunde auf Vereins- und Landesebene, sowie bei einer internationalen Meisterschaft f\u00fcr Diensthundef\u00fchrer.<\/p>\n<p>Im privaten Bereich wurde ich zertifiziert, <strong>nach \u00a7 11 Tierschutzgesetz eine Hundeschule zu betreiben. Dar\u00fcber hinaus bin durch das Landesamt f\u00fcr Natur, Umwelt und Verbraucherschutz Nordrhein \u2013 Westfalen als Gutachter und Sachverst\u00e4ndiger anerkannt.<\/strong><\/p>\n<p>Die Anerkennung beinhaltet die <strong>Abnahme von Verhaltenspr\u00fcfungen<\/strong> (Leinen-und Maulkorbbefreiung gem\u00e4\u00df \u00a7 4 Abs.1 DVO LHundG NRW i.V.m. \u00a72 Abs.2 DVO LHundG und <strong>Erteilung von Sachkundenachweisen<\/strong> gem. \u00a7 1 Abs.4 DVO LHundG NRW i.V.m. 2 Abs. 2 DVO LHundG NRW<\/p>\n<p><strong>Sachverst\u00e4ndiger im Sinne des \u00a7 10 Abs. 3 und des \u00a7 11Abs.3 LHundG NRW zur Erteilung und Abnahme von Sachkundebescheinigungen<\/strong><\/p>\n<p>Ich freue mich darauf, nach meiner <strong>Pensionierung im Februar 2016<\/strong>, Ihnen mit meiner Erfahrung, Professionalit\u00e4t und Wissen <strong>individuell<\/strong> helfen zu d\u00fcrfen.<\/p>\n","protected":false},"excerpt":{"rendered":"<p>Zur\u00fcck zur \u00dcbersicht Peter Stein Mit Hunden aufgewachsen und wie selbstverst\u00e4ndlich mit ihnen umzugehen brachte mich sehr fr\u00fch dazu, mich mit ihrer Ausbildung zu besch\u00e4ftigen, die sp\u00e4ter zu meinem Hobby und dann zum Beruf wurde. In 31 Jahren Hundesport (1981 \u2013 2012) bildete ich mehrere Hunde aus (F\u00e4hrtenhund, Schutzhund I bis III, IPO und PDP. &#8230; <a title=\"Info Peter\" class=\"read-more\" href=\"https:\/\/ruhrrudel.de\/site\/team\/info-peter\/\" aria-label=\"Mehr Informationen \u00fcber Info Peter\">Weiterlesen<\/a><\/p>\n","protected":false},"author":1,"featured_media":0,"parent":19,"menu_order":0,"comment_status":"closed","ping_status":"closed","template":"","meta":{"footnotes":""},"class_list":["post-81","page","type-page","status-publish"],"_links":{"self":[{"href":"https:\/\/ruhrrudel.de\/site\/wp-json\/wp\/v2\/pages\/81","targetHints":{"allow":["GET"]}}],"collection":[{"href":"https:\/\/ruhrrudel.de\/site\/wp-json\/wp\/v2\/pages"}],"about":[{"href":"https:\/\/ruhrrudel.de\/site\/wp-json\/wp\/v2\/types\/page"}],"author":[{"embeddable":true,"href":"https:\/\/ruhrrudel.de\/site\/wp-json\/wp\/v2\/users\/1"}],"replies":[{"embeddable":true,"href":"https:\/\/ruhrrudel.de\/site\/wp-json\/wp\/v2\/comments?post=81"}],"version-history":[{"count":2,"href":"https:\/\/ruhrrudel.de\/site\/wp-json\/wp\/v2\/pages\/81\/revisions"}],"predecessor-version":[{"id":97,"href":"https:\/\/ruhrrudel.de\/site\/wp-json\/wp\/v2\/pages\/81\/revisions\/97"}],"up":[{"embeddable":true,"href":"https:\/\/ruhrrudel.de\/site\/wp-json\/wp\/v2\/pages\/19"}],"wp:attachment":[{"href":"https:\/\/ruhrrudel.de\/site\/wp-json\/wp\/v2\/media?parent=81"}],"curies":[{"name":"wp","href":"https:\/\/api.w.org\/{rel}","templated":true}]}}