{"id":77,"date":"2018-02-03T13:45:23","date_gmt":"2018-02-03T12:45:23","guid":{"rendered":"http:\/\/ruhrrudel.de\/site\/?page_id=77"},"modified":"2018-02-03T14:04:49","modified_gmt":"2018-02-03T13:04:49","slug":"info-katrin","status":"publish","type":"page","link":"https:\/\/ruhrrudel.de\/site\/team\/info-katrin\/","title":{"rendered":"Info Katrin"},"content":{"rendered":"<p style=\"text-align: center;\"><a href=\"http:\/\/ruhrrudel.de\/site\/team\/\">Zur\u00fcck zur \u00dcbersicht<\/a><\/p>\n<p><span style=\"font-size: 14pt;\"><strong>Katrin Stein<\/strong><\/span><\/p>\n<p>Seit ich denken kann, geh\u00f6ren Hunde zu meinem Leben. Durch meine Eltern lernte ich wie selbstverst\u00e4ndlich den respektvollen Umgang, die n\u00f6tige Distanz und die grenzenlose Zuneigung von Hunden in der Familie kennen. Der Hund als Sozialpartner, der immer ein \u201eoffenes Ohr\u201c f\u00fcr einen hat, aber auch Bed\u00fcrfnisse. Meine Aufgabe und Verantwortung als Mensch, diesen Bed\u00fcrfnissen nach bestem Wissen und Gewissen gerecht zu werden, war f\u00fcr mich schon als Kind und Jugendliche selbstverst\u00e4ndlich.<\/p>\n<p>Ein Leben ohne Hund ist f\u00fcr mich nicht denkbar.<\/p>\n<p>Nach der Schule habe ich eine Ausbildung im Handwerk begonnen, aber auch das ging nicht ohne Hund. Noch w\u00e4hrend der Ausbildung kam mein erster eigener Hund aus dem Tierschutz zu mir, der regelm\u00e4\u00dfig mit zur Arbeit gekommen ist und mich durch meinen beruflichen Werdegang begleitet. Der Anreiz f\u00fcr mich, den Hund soviel wie m\u00f6glich bei mir zu haben und ihm als hochsoziales Individuum Anschluss zu seinem Rudel zu erm\u00f6glichen.<\/p>\n<p>Das enge Zusammenleben mit dem Hund, die wachsende Bindung und das somit entstehende Vertrauen, was mir der Hund entgegenbringt, spornte mich an mehr \u00fcber Hunde und deren soziale Strukturen im Rudel zu lernen. Um so deren K\u00f6rpersprache und Verhalten besser zu sehen, besser zu verstehen und angepasst zu agieren, um das Zusammenleben mit meinem Hund f\u00fcr uns beide noch sch\u00f6ner zu machen.<\/p>\n<p>Seit 2014 begleitet mich meine belgische Sch\u00e4ferh\u00fcndin im Beruf, im Alltag und im Hundesport. Durch ihr rassetypisches Wesen und Verhalten lerne ich st\u00e4ndig im Zusammenleben mit dem Hund dazu. T\u00e4glich werde ich daran erinnert, wie wichtig es ist dem Hund fair und artgerecht zu begegnen und vermeintliches Fehlverhalten des Hundes zu reflektieren, um als Mensch zu \u00fcberlegen, wie ich dem Hund eine Hilfestellung geben kann, um in unserer Menschenwelt \u2013 in der man oft nur \u201efunktionieren\u201c muss \u2013 zu leben.<\/p>\n<p>Ich sehe es als meine Aufgabe im Zusammenleben mit dem Hund, ihn bestm\u00f6glich in unserer Menschenwelt zu begleiten und zu integrieren, auch um Menschen ohne Hund mit R\u00fccksichtnahme zu begegnen.<\/p>\n<p>Die Pensionierung meines Vaters im Februar 2016 hat mir den Ansto\u00df gegeben um mich beruflich um zu orientieren und einerseits mein Wissen zu erweitern, andererseits meine Erfahrung mit Ihnen zu teilen und mein Hobby zum Beruf zu machen. 2015 habe ich die Pr\u00fcfung abgelegt, um nach \u00a7 11 Tierschutzgesetz eine Hundeschule zu betreiben.<\/p>\n<p><strong>Ich freue mich auf eine konstruktive Zusammenarbeit<\/strong><br \/>\n<strong> mit Ihnen und Ihrem Hund.<\/strong><\/p>\n","protected":false},"excerpt":{"rendered":"<p>Zur\u00fcck zur \u00dcbersicht Katrin Stein Seit ich denken kann, geh\u00f6ren Hunde zu meinem Leben. Durch meine Eltern lernte ich wie selbstverst\u00e4ndlich den respektvollen Umgang, die n\u00f6tige Distanz und die grenzenlose Zuneigung von Hunden in der Familie kennen. Der Hund als Sozialpartner, der immer ein \u201eoffenes Ohr\u201c f\u00fcr einen hat, aber auch Bed\u00fcrfnisse. Meine Aufgabe und &#8230; <a title=\"Info Katrin\" class=\"read-more\" href=\"https:\/\/ruhrrudel.de\/site\/team\/info-katrin\/\" aria-label=\"Mehr Informationen \u00fcber Info Katrin\">Weiterlesen<\/a><\/p>\n","protected":false},"author":1,"featured_media":0,"parent":19,"menu_order":0,"comment_status":"closed","ping_status":"closed","template":"","meta":{"footnotes":""},"class_list":["post-77","page","type-page","status-publish"],"_links":{"self":[{"href":"https:\/\/ruhrrudel.de\/site\/wp-json\/wp\/v2\/pages\/77","targetHints":{"allow":["GET"]}}],"collection":[{"href":"https:\/\/ruhrrudel.de\/site\/wp-json\/wp\/v2\/pages"}],"about":[{"href":"https:\/\/ruhrrudel.de\/site\/wp-json\/wp\/v2\/types\/page"}],"author":[{"embeddable":true,"href":"https:\/\/ruhrrudel.de\/site\/wp-json\/wp\/v2\/users\/1"}],"replies":[{"embeddable":true,"href":"https:\/\/ruhrrudel.de\/site\/wp-json\/wp\/v2\/comments?post=77"}],"version-history":[{"count":3,"href":"https:\/\/ruhrrudel.de\/site\/wp-json\/wp\/v2\/pages\/77\/revisions"}],"predecessor-version":[{"id":93,"href":"https:\/\/ruhrrudel.de\/site\/wp-json\/wp\/v2\/pages\/77\/revisions\/93"}],"up":[{"embeddable":true,"href":"https:\/\/ruhrrudel.de\/site\/wp-json\/wp\/v2\/pages\/19"}],"wp:attachment":[{"href":"https:\/\/ruhrrudel.de\/site\/wp-json\/wp\/v2\/media?parent=77"}],"curies":[{"name":"wp","href":"https:\/\/api.w.org\/{rel}","templated":true}]}}

<p style="text-align: center;"><a href="http://ruhrrudel.de/site/team/">Zurück zur Übersicht</a></p>
<p><span style="font-size: 14pt;"><strong>Katrin Stein</strong></span></p>
<p>Seit ich denken kann, gehören Hunde zu meinem Leben. Durch meine Eltern lernte ich wie selbstverständlich den respektvollen Umgang, die nötige Distanz und die grenzenlose Zuneigung von Hunden in der Familie kennen. Der Hund als Sozialpartner, der immer ein „offenes Ohr“ für einen hat, aber auch Bedürfnisse. Meine Aufgabe und Verantwortung als Mensch, diesen Bedürfnissen nach bestem Wissen und Gewissen gerecht zu werden, war für mich schon als Kind und Jugendliche selbstverständlich.</p>
<p>Ein Leben ohne Hund ist für mich nicht denkbar.</p>
<p>Nach der Schule habe ich eine Ausbildung im Handwerk begonnen, aber auch das ging nicht ohne Hund. Noch während der Ausbildung kam mein erster eigener Hund aus dem Tierschutz zu mir, der regelmäßig mit zur Arbeit gekommen ist und mich durch meinen beruflichen Werdegang begleitet. Der Anreiz für mich, den Hund soviel wie möglich bei mir zu haben und ihm als hochsoziales Individuum Anschluss zu seinem Rudel zu ermöglichen.</p>
<p>Das enge Zusammenleben mit dem Hund, die wachsende Bindung und das somit entstehende Vertrauen, was mir der Hund entgegenbringt, spornte mich an mehr über Hunde und deren soziale Strukturen im Rudel zu lernen. Um so deren Körpersprache und Verhalten besser zu sehen, besser zu verstehen und angepasst zu agieren, um das Zusammenleben mit meinem Hund für uns beide noch schöner zu machen.</p>
<p>Seit 2014 begleitet mich meine belgische Schäferhündin im Beruf, im Alltag und im Hundesport. Durch ihr rassetypisches Wesen und Verhalten lerne ich ständig im Zusammenleben mit dem Hund dazu. Täglich werde ich daran erinnert, wie wichtig es ist dem Hund fair und artgerecht zu begegnen und vermeintliches Fehlverhalten des Hundes zu reflektieren, um als Mensch zu überlegen, wie ich dem Hund eine Hilfestellung geben kann, um in unserer Menschenwelt – in der man oft nur „funktionieren“ muss – zu leben.</p>
<p>Ich sehe es als meine Aufgabe im Zusammenleben mit dem Hund, ihn bestmöglich in unserer Menschenwelt zu begleiten und zu integrieren, auch um Menschen ohne Hund mit Rücksichtnahme zu begegnen.</p>
<p>Die Pensionierung meines Vaters im Februar 2016 hat mir den Anstoß gegeben um mich beruflich um zu orientieren und einerseits mein Wissen zu erweitern, andererseits meine Erfahrung mit Ihnen zu teilen und mein Hobby zum Beruf zu machen. 2015 habe ich die Prüfung abgelegt, um nach § 11 Tierschutzgesetz eine Hundeschule zu betreiben.</p>
<p><strong>Ich freue mich auf eine konstruktive Zusammenarbeit</strong><br />
<strong> mit Ihnen und Ihrem Hund.</strong></p>

<p>Zurück zur Übersicht Katrin Stein Seit ich denken kann, gehören Hunde zu meinem Leben. Durch meine Eltern lernte ich wie selbstverständlich den respektvollen Umgang, die nötige Distanz und die grenzenlose Zuneigung von Hunden in der Familie kennen. Der Hund als Sozialpartner, der immer ein „offenes Ohr“ für einen hat, aber auch Bedürfnisse. Meine Aufgabe und &#8230; <a title="Info Katrin" class="read-more" href="https://ruhrrudel.de/site/team/info-katrin/" aria-label="Mehr Informationen über Info Katrin">Weiterlesen</a></p>
